5
Suppose 3*k - 4*f - 3266 = 0, 52*k - 53*k = -2*f - 1092. What is the hundreds digit of k?
0
Suppose -5*w + 3*w = 5*x - 3509, -3*x + 2106 = w. What is the units digit of x?
3
Suppose 3*i - 74 = 301. Suppose 0 = 3*j - 0*j - 6. Suppose -i = -j*b - 3*b. What is the units digit of b?
5
Suppose -2*x = -4*s + 16, -5*x + 12 = 3*s - 2*x. Let k be ((-6)/(-12))/(4/(-656)). What is the units digit of s/(-10) - k/5?
6
Let v(r) = r**3 - 14*r**2 + 6*r + 14. Let y be v(14). Let p = y - -25. Suppose 13 = 4*a - p. What is the tens digit of a?
3
Suppose -27 = -5*c + r, 3*c + 2*r + 2 = 13. Let j(m) = 5 + 17*m - 3*m - c*m. What is the units digit of j(6)?
9
Suppose -5*o = n + 2*n + 42, 3*n + 33 = -2*o. Let v be 100/6*n/6. Let x = 68 + v. What is the tens digit of x?
4
Let p(h) = 489*h**3 - 2*h**2 + 3*h - 1. What is the units digit of p(1)?
9
Suppose -d - d - 4 = 2*s, -3*s = -2*d - 19. Suppose -117 - 3 = s*c. What is the units digit of ((-248)/10)/(16/c)?
2
Suppose 5*l - 1045 + 715 = 0. What is the units digit of l?
6
Suppose -z = 5*z - 78. Suppose 0 = -5*f + f + 32. Let c = z - f. What is the units digit of c?
5
Let z be (-300)/(-36) + 1/(-3). Suppose 4*f - z = -0. Suppose -5*c - 2*d + 27 = 0, f*d + 17 + 5 = 2*c. What is the units digit of c?
7
Suppose 2*i + 56 - 10 = 0. Let o = i - -21. What is the units digit of (5 + o - 2) + 0?
1
Let k(x) = 2*x - 5. Let p be k(4). Suppose -147 = -p*v + 5*r, r + 174 = 4*v - 39. What is the tens digit of v?
5
Let m(a) = -28*a - 1. Let s be m(-1). Suppose -30*d + 282 = -s*d. What is the tens digit of d?
9
Let d(x) = -x**2 + 9*x + 1. Let j be d(8). Suppose s + s + 12 = 0. Let t = j + s. What is the units digit of t?
3
Suppose -7*r = -18*r + 4939. What is the units digit of r?
9
Suppose -3*k = 4*z + z - 1016, 2*k = -z + 675. Suppose 2*c - k = -103. What is the units digit of c?
7
Let s be (10/20)/((-2)/(-404)). Suppose 3*b - 6*b = 2*j - 59, -2*b + s = 3*j. Suppose 0*l + t - j = -2*l, 5*l - 5*t = 55. What is the units digit of l?
6
Let p(n) = -n**3 + 4*n**2 + 7*n - 3. Let j be p(5). Suppose -4*r = j - 27. What is the units digit of r?
5
Suppose -7*c + 4*c + i - 237 = 0, -i - 243 = 3*c. Let v = -25 - c. What is the units digit of v?
5
Let g(j) = 3*j**2 + j - 3. Let o be g(-2). Suppose -v = 5*z + 15, v + 3*z + 2 = -o. Suppose v = r - 4*r + 30. What is the units digit of r?
0
Let w = 1 - -1. Suppose -u + 3*t = -5 + 20, 0 = -2*u - w*t + 10. Suppose 3*v + 3*d - 51 = u, -5*d = 4*v - 3*v - 5. What is the units digit of v?
0
Suppose -5*j - 3*f + 114 = 0, -5*j = -j + 2*f - 92. What is the tens digit of ((-2320)/j)/((-4)/6)?
4
Let v(g) = 2*g**2 + 10*g + 4. Let h = 18 - 22. Let d be v(h). What is the units digit of d - ((-261)/3)/3?
5
Let f = -40 + 98. Suppose -2*s = -0*s - f. What is the units digit of s?
9
Suppose -3*v + 17 = 2*v + m, 3*v + 3*m - 15 = 0. Suppose v*g + 314 = 5*g - 3*a, -460 = -3*g - a. What is the hundreds digit of g?
1
Suppose -3*g + 863 = c, 5*g - 3*c - 1440 = -5*c. What is the hundreds digit of g?
2
Let p be 5 - (5 + 1 + 7). Let w(n) be the first derivative of n**4/4 + 7*n**3/3 - 5*n**2 - 2*n - 1. What is the units digit of w(p)?
4
Let g(l) = 116*l - 997. What is the hundreds digit of g(11)?
2
Let l = -20 + 92. Let g = l - 42. What is the tens digit of g?
3
Suppose 25 = a - 49. Let t = -44 + a. What is the units digit of t?
0
Let p = 47 - 37. Let s(d) = -d**3 + 13*d**2 - 21*d + 5. What is the units digit of s(p)?
5
Let h(f) = -f - 1. Let j(y) = -2*y - 1. Let x(g) = 3*h(g) - j(g). Let o(q) = -q**2 - 18*q - 23. Let s be o(-17). What is the units digit of x(s)?
4
Let w(p) = -p**2 - 5*p + 6. Let u be w(-6). Suppose 3*a + u = 6. Suppose 6 = a*t, -7 = 3*c - 5*t - 79. What is the tens digit of c?
2
Let m(z) = 6*z**2 + 4. Suppose 2*h + 0*h + 4 = 4*x, -x + 10 = 4*h. Suppose 5*p + 12 = h. What is the tens digit of m(p)?
2
Suppose 0 = -5*g + 19*g - 3556. Let i = g + -149. What is the units digit of i?
5
Suppose 2*r - r + 3*l - 18 = 0, -4 = -3*r + l. Suppose 4*k = 5*h + 10 + 23, r*h = -k - 13. Suppose k*j = 3*j - 5. What is the units digit of j?
5
Let n = 2428 + -1399. Suppose 4*o - 11 = n. What is the hundreds digit of o?
2
Let n be 2 - 4 - 7/(7/10). What is the units digit of 1/(3/n) + 50?
6
Suppose -2*s - 3*s + 568 = 3*u, 0 = 3*s - u - 338. Suppose -s + 25 = -k. What is the tens digit of k?
8
Let n(l) = 3*l**2 - 14*l - 16. Let d be n(9). Suppose 180 = 6*z - z + r, -3*z + d = 2*r. What is the units digit of z?
7
Let u = 738 + -510. What is the tens digit of 3*(u/9)/2?
3
Let o(r) = -22*r - 30. Let v(i) = 11*i + 15. Let n(q) = -6*o(q) - 13*v(q). Let p be n(-10). Suppose -4*h + 9*h = p. What is the tens digit of h?
1
Suppose x + 4*x - 4*h = 23, -2*x - 4 = 5*h. Let z(i) = -i + 4 - 3 + 5*i**2 - 3 + x*i. What is the units digit of z(-3)?
7
Suppose 0 = 102*z - 101*z - 2082. What is the hundreds digit of z?
0
Let v(d) = -23 - 5*d + 4 + 0*d. What is the tens digit of v(-6)?
1
Suppose 0 = 4*s + 27 - 111. Suppose 16*q - s*q = -5. What is the units digit of q?
1
Suppose 2*n = -1 - 3. Suppose -3*d + 2 = 8. What is the tens digit of n*(3 + (d - 17))?
3
What is the units digit of 2/12 - (-31215)/90?
7
Let z = 922 - 536. What is the tens digit of z?
8
Let j = 5 - -1. Suppose -k - 95 = -j*k. What is the tens digit of k?
1
Let d be 2*(1 + 2 + 2). Let o = d - -19. What is the tens digit of o?
2
Let x(j) = j**3 + 14*j**2 - 2*j - 20. Let y be x(-14). Suppose z - 35 = -y. What is the tens digit of z?
2
Suppose 0 = 5*t - 37 - 48. Let y = t - 3. What is the tens digit of y?
1
Suppose 14*j = 18*j + 12. What is the units digit of (240/2)/5 - j?
7
Suppose 26*w - 83096 = -6032. What is the tens digit of w?
6
Let z be 12/21*(-14)/(-4). Suppose 4*j = -z*f + 198, -j + f + 101 = j. What is the tens digit of j?
5
Suppose 42*a = 51*a - 7353. What is the units digit of a?
7
Let x(r) = -r**3 + 4*r**2 + 2*r - 5. Let k be x(4). What is the tens digit of (64/(-24))/(5/k)*-40?
6
Let j = -179 + 235. What is the units digit of j?
6
Suppose 5*j + 4*f = 9*j - 1976, -5*j + 4*f + 2468 = 0. What is the units digit of j?
2
Suppose 0 = -5*y - 70. Suppose 174 = -5*r + 3*z, 176 = -5*r - 0*z + 2*z. Let b = y - r. What is the tens digit of b?
2
What is the tens digit of -3*(6 - 2357/3 - -5)?
2
Suppose 9520 = 2*d - 4*r - 2418, 23911 = 4*d - r. What is the thousands digit of d?
5
Let b = 765 - -1475. What is the units digit of b?
0
Let n be (24/(-16))/((-6)/8). Let g be -4*(37/n + 0). Let f = g - -104. What is the units digit of f?
0
Suppose 0 = j + 2*j + 12. Let b = 26 + j. What is the units digit of b?
2
Let a = 13 - 3. Let o = a + 5. What is the tens digit of 190/o + (-2)/3?
1
Suppose 0 = -5*r - p + 37, 3*r - p + 16 = 5*r. Let h = r + -22. Let g = 9 - h. What is the tens digit of g?
2
Suppose -3*j + j = -12. Let y be 14 - 4 - 12/(-6). Let q = y - j. What is the units digit of q?
6
Suppose -9*g = -8*g - 6. Suppose -d + g*d - 460 = 0. What is the tens digit of d?
9
Let p(s) = -17*s + 5. Let f = -12 - -9. What is the tens digit of p(f)?
5
Suppose -24 = -k + 23. Let y = 106 - k. What is the tens digit of y?
5
Let b = -31 + 44. Suppose 8*k = b*k. What is the tens digit of -4 + (31 - k) + -4?
2
Suppose 3*c = 2*f - 3*f + 700, 2089 = 3*f - 2*c. What is the tens digit of f?
9
Let m = 234 + -114. Suppose 0 = 3*l - m - 366. What is the units digit of l?
2
Suppose 0*k + 1899 = k. Let d be (6/9)/(6/k). Suppose 0 = 4*v - d - 29. What is the tens digit of v?
6
Let s(p) = -p - 2. Let b(h) = -h + 11. Let f be b(7). Suppose f*q - 81 = 5*r, 0*r - 4*q - 36 = 4*r. What is the tens digit of s(r)?
1
Let u = 1060 - 265. What is the units digit of u?
5
What is the thousands digit of (1252 - -53) + 2*3 + -1?
1
Suppose 42 = -5*h + 12822. What is the hundreds digit of h?
5
Let s(b) = b**3 + 6*b**2 - 17*b - 6. Let t be s(-8). Suppose -4*m + z + 342 = 0, -z = -t*m - 42 + 212. What is the tens digit of m?
8
Let n(p) = 5*p - 21. Let i be n(6). Suppose i = l + 13. Let x(v) = -2*v**3 - 7*v**2 - 5*v + 3. What is the tens digit of x(l)?
3
Let q(b) be the first derivative of -b**3/3 - 9*b**2/2 - 2*b - 17. What is the tens digit of q(-6)?
1
Suppose 4*d = -15*c + 18*c - 5572, -2*c = -2*d - 3714. What is the hundreds digit of c?
8
Let i = 6364 + -4359. What is the tens digit of i?
0
Let m(f) = 8*f**2 - 2*f - 1. Let a